5347373 a prime number?
False
Is 982627879 prime?
True
Is 936806953 prime?
False
Is 14281669253 a prime number?
False
Is 88764512339 a prime number?
False
Is 311429381 a composite number?
False
Is 5016638269 a composite number?
False
Is 3112830062 a prime number?
False
Is 3239870533 prime?
False
Is 38815433 a prime number?
True
Is 412212949 composite?
False
Is 111251412247 prime?
True
Is 1300853707 a composite number?
True
Is 6173677777 prime?
False
Is 5112181603 composite?
False
Is 646120457 a composite number?
False
Is 1065847379 a composite number?
False
Is 24486012469 prime?
True
Is 42888222563 composite?
False
Is 6726019639 a composite number?
True
Is 373701529 composite?
False
Is 6253585493 a composite number?
False
Is 966980739 prime?
False
Is 1137283331 a prime number?
False
Is 509556049 composite?
True
Is 1624926767 a prime number?
False
Is 14736638663 a prime number?
True
Is 213215782685 composite?
True
Is 3082813813 a composite number?
True
Is 13564498 a composite number?
True
Is 7067218451 a composite number?
False
Is 547716623 a prime number?
False
Is 5124629981 a prime number?
False
Is 96457729583 composite?
False
Is 7575269033 a prime number?
True
Is 224444713589 a prime number?
False
Is 2787074263 a prime number?
True
Is 22028387 composite?
False
Is 901692107 composite?
True
Is 27242639659 a composite number?
True
Is 75147225217 a composite number?
False
Is 76950459871 prime?
False
Is 27872142799 composite?
False
Is 4519667 a prime number?
True
Is 130065127457 composite?
True
Is 2483067887 a composite number?
False
Is 34404311 prime?
False
Is 3264298903 a composite number?
False
Is 699265241 a composite number?
False
Is 394115333 a composite number?
True
Is 2187221611 a composite number?
False
Is 93895817 prime?
False
Is 113175213587 prime?
True
Is 190643669 a composite number?
True
Is 6178841687 a composite number?
False
Is 591880123 composite?
False
Is 9939982709 prime?
True
Is 3310727183 a prime number?
False
Is 30337876577 a composite number?
False
Is 4976985973 a composite number?
False
Is 304237315 a prime number?
False
Is 3097010933 prime?
True
Is 5580988279 a composite number?
False
Is 2092075831 composite?
True
Is 869654713 a composite number?
True
Is 57129484333 a composite number?
False
Is 1851763003 composite?
False
Is 59357131 a prime number?
False
Is 460010099 prime?
False
Is 8194215206 prime?
False
Is 37907124953 a prime number?
True
Is 49208217239 prime?
True
Is 1420344787 prime?
True
Is 878306761 prime?
True
Is 169258231 composite?
True
Is 472225379 prime?
True
Is 30025942621 a prime number?
False
Is 26089876157 prime?
False
Is 11621904049 a composite number?
True
Is 2387244334 a composite number?
True
Is 210267269 a prime number?
False
Is 3150482669 a composite number?
True
Is 2860362682 a composite number?
True
Is 979911509 a prime number?
True
Is 9729360169 a composite number?
True
Is 2744606573 composite?
False
Is 7652671913 a composite number?
False
Is 514190701 a prime number?
True
Is 332332969 composite?
False
Is 1666393231 composite?
False
Is 87844734422 composite?
True
Is 118879898503 composite?
False
Is 1541381563 composite?
True
Is 8938779827 prime?
True
Is 5860776503 prime?
False
Is 846094521 a prime number?
False
Is 11524516057 composite?
True
Is 8278807729 a composite number?
True
Is 262926240587 a prime number?
False
Is 32864159 a prime number?
False
Is 25198483907 prime?
True
Is 1820016013 a composite number?
True
Is 482385919 composite?
False
Is 13193184089 a prime number?
True
Is 157429693 a prime number?
True
Is 732201587 a prime number?
False
Is 915806261 prime?
True
Is 3338002177 prime?
True
Is 1673867171 composite?
False
Is 48345849491 composite?
True
Is 8894664721 a composite number?
False
Is 5523762833 composite?
False
Is 6363810589 composite?
False
Is 2647640551 a prime number?
False
Is 13332413111 a composite number?
False
Is 255602441 a prime number?
True
Is 9900475297 a prime number?
False
Is 2329526183 composite?
False
Is 737410021 a composite number?
False
Is 1921496783 composite?
False
Is 12530636827 prime?
True
Is 3479652299 a composite number?
True
Is 79063266547 a composite number?
True
Is 2527583207 prime?
False
Is 52624307899 composite?
True
Is 206302424645 a prime number?
False
Is 1411174621 prime?
True
Is 100226593373 composite?
True
Is 1673449919 prime?
True
Is 109838952274 a prime number?
False
Is 157228441 a prime number?
True
Is 129029879 a prime number?
False
Is 125699214709 a composite number?
True
Is 3391317859 a prime number?
False
Is 463986131 composite?
True
Is 188272453 a composite number?
False
Is 2456504639 a composite number?
False
Is 114249122671 a prime number?
False
Is 79790548598 composite?
True
Is 55435084597 a prime number?
True
Is 22527249179 a composite number?
True
Is 12731383549 a composite number?
True
Is 3247762187 composite?
True
Is 2706727687 prime?
False
Is 5369220407 a composite number?
False
Is 28663821491 a prime number?
True
Is 241384211 composite?
True
Is 1757048681 composite?
False
Is 12189903133 a prime number?
True
Is 67492803319 composite?
True
Is 36172694773 composite?
False
Is 4391468297 prime?
False
Is 748070551 a composite number?
True
Is 1227113435 prime?
False
Is 38071158661 a composite number?
False
Is 18976560467 composite?
False
Is 216366467 prime?
True
Is 13161343259 a prime number?
False
Is 2425142737 a composite number?
False
Is 72226502851 prime?
False
Is 164803447801 prime?
False
Is 1433912729 composite?
True
Is 10139066291 a composite number?
True
Is 144881429753 prime?
True
Is 46627399679 composite?
True
Is 1710303533 prime?
True
Is 3969612937 a composite number?
True
Is 3704755289 prime?
True
Is 4751739131 a composite number?
True
Is 3885673879 prime?
True
Is 1284707231 a prime number?
True
Is 24622998823 a prime number?
False
Is 2720939531 a prime number?
False
Is 2353427447 prime?
False
Is 2883097577 a composite number?
False
Is 1395906745 a composite number?
True
Is 5463860183 composite?
False
Is 1434363419 composite?
True
Is 2055101705 prime?
False
Is 6092983387 composite?
False
Is 2359052389 prime?
False
Is 12787341919 composite?
True
Is 15091053709 a composite number?
False
Is 57352102855 prime?
False
Is 524165209 a composite number?
False
Is 373046117 prime?
False
Is 40857215467 prime?
True
Is 8936282699 prime?
False
Is 18593693317 composite?
False
Is 282910598273 a prime number?
True
Is 678009287 prime?
True
Is 10383629 composite?
False
Is 123697349 composite?
False
Is 8606862619 a composite number?
True
Is 3378278161 composite?
False
Is 123652191407 prime?
True
Is 1799855719 a prime number?
True
Is 668511023 composite?
False
Is 101284511 prime?
False
Is 2280804301 composite?
False
Is 19074406843 a composite number?
True
Is 49311659541 a composite number?
True
Is 2265935509 composite?
False
Is 5128678847 prime?
False
Is 215239834531 prime?
True
Is 4926274601 prime?
True
Is 2392873411 prime?
False
Is 218646761 composite?
False
Is 505989821 a composite number?
False
Is 2030986561 a prime number?
True
Is 10918971031 a composite number?
True
Is 5786223181 a prime number?
False
Is 3373493341 prime?
True
Is 11574350527 a composite number?
False
Is 118233169143 a composite number?
True
Is 2685444481 a prime number?
True
Is 232778908859 a composite number?
True
Is 2900626121 prime?
False
Is 74067079621 prime?
False
Is 1918162969 prime?
False
Is 76761645197 a prime number?
False
Is 330325243 composite?
True
Is 60201929 a composite number?
True
Is 8309862089 a composite number?
True
Is 41344645061 composite?
True
Is 11389153 a composite number?
False
Is 20194669993 a prime number?
False
Is 2716676357 prime?
False
Is 17368116587 prime?
False
Is 37224251 composite?
False
Is 4701224543 composite?
False
Is 507164759 a prime number?
True
Is 86721373 a composite number?
True
Is 1448030669 prime?
False
Is 101998538599 composite?
False
Is 115178624515 a prime number?
False
Is 1622691449 a composite number?
False
Is 38692043287 a composite number?
False
Is 3083003857 composite?
False
Is 38501042753 prime?
True
Is 41800766429 composite?
True
Is 57846610961 a prime number?
True
Is 11932518777 a composite number?
True
Is 2195711227 a composite number?
True
Is 19280444069 a prime number?
True
Is 5177627747 prime?
True
Is 69494678